est common divisor of 14291 and 31.
31
Calculate the greatest common divisor of 30 and 846.
6
Calculate the greatest common factor of 116 and 6438.
58
Calculate the greatest common factor of 2 and 74.
2
Calculate the highest common factor of 70 and 130.
10
What is the greatest common divisor of 6956 and 752?
188
Calculate the greatest common factor of 2 and 354.
2
Calculate the highest common divisor of 108 and 16.
4
What is the highest common factor of 10 and 590?
10
Calculate the greatest common divisor of 216 and 2544.
24
Calculate the highest common divisor of 39768 and 12.
12
What is the greatest common divisor of 16262 and 47?
47
What is the highest common factor of 14 and 21?
7
Calculate the highest common factor of 8 and 92.
4
Calculate the highest common divisor of 30 and 70.
10
What is the greatest common divisor of 369 and 943?
41
Calculate the highest common factor of 3375 and 50.
25
What is the greatest common divisor of 972 and 12?
12
What is the greatest common divisor of 324 and 405?
81
What is the highest common factor of 153 and 27?
9
Calculate the greatest common divisor of 4 and 68.
4
What is the highest common divisor of 1118 and 3268?
86
What is the greatest common factor of 779 and 19?
19
Calculate the highest common factor of 104 and 26.
26
Calculate the greatest common divisor of 75 and 105.
15
What is the highest common divisor of 806 and 338?
26
What is the greatest common factor of 5866 and 14?
14
Calculate the greatest common factor of 188 and 13442.
94
Calculate the highest common factor of 6 and 174.
6
Calculate the greatest common divisor of 351 and 234.
117
What is the highest common factor of 1014 and 156?
78
What is the highest common factor of 40 and 1536?
8
What is the highest common divisor of 957 and 261?
87
Calculate the greatest common divisor of 30 and 4086.
6
What is the highest common factor of 1274 and 196?
98
What is the highest common factor of 3 and 16?
1
What is the highest common divisor of 280 and 2260?
20
What is the highest common factor of 68 and 748?
68
Calculate the highest common factor of 36 and 492.
12
What is the greatest common divisor of 448 and 7?
7
Calculate the highest common divisor of 1674 and 434.
62
What is the greatest common factor of 795 and 6201?
159
Calculate the highest common factor of 44 and 242.
22
What is the greatest common factor of 1508 and 52?
52
What is the highest common factor of 32 and 512?
32
What is the highest common divisor of 308 and 1309?
77
Calculate the greatest common factor of 300 and 740.
20
What is the highest common factor of 16 and 30520?
8
Calculate the greatest common divisor of 9664 and 128.
64
Calculate the highest common divisor of 5 and 45495.
5
Calculate the greatest common factor of 12629 and 73.
73
What is the highest common factor of 5048 and 8?
8
What is the greatest common factor of 8 and 12968?
8
What is the highest common factor of 12 and 1500?
12
What is the greatest common divisor of 46 and 69?
23
What is the highest common factor of 109 and 31392?
109
Calculate the highest common factor of 14 and 826.
14
Calculate the highest common factor of 306 and 714.
102
Calculate the highest common factor of 85 and 119.
17
Calculate the highest common factor of 33408 and 24.
24
Calculate the highest common factor of 343 and 7.
7
What is the highest common divisor of 200 and 3050?
50
Calculate the greatest common divisor of 88 and 25388.
44
Calculate the greatest common factor of 25575 and 93.
93
What is the greatest common factor of 4901 and 232?
29
What is the highest common factor of 468 and 36?
36
What is the greatest common divisor of 336 and 96?
48
What is the highest common factor of 1441 and 319?
11
Calculate the highest common divisor of 104 and 559.
13
What is the greatest common divisor of 156 and 572?
52
What is the greatest common factor of 8 and 6?
2
What is the highest common factor of 12 and 876?
12
What is the greatest common divisor of 576 and 256?
64
What is the highest common factor of 506 and 598?
46
Calculate the highest common factor of 304 and 171.
19
Calculate the highest common divisor of 87 and 29.
29
Calculate the highest common divisor of 161 and 42.
7
What is the greatest common factor of 66 and 330?
66
Calculate the highest common factor of 684 and 72.
36
What is the highest common factor of 12 and 4314?
6
Calculate the greatest common factor of 15616 and 1536.
256
Calculate the greatest common divisor of 137 and 137.
137
Calculate the highest common divisor of 26 and 4.
2
What is the greatest common factor of 19 and 76?
19
What is the greatest common divisor of 6570 and 12?
6
What is the greatest common factor of 43 and 387?
43
What is the greatest common divisor of 48 and 348?
12
What is the highest common factor of 572 and 110?
22
What is the greatest common factor of 220 and 250?
10
Calculate the greatest common factor of 16 and 1552.
16
What is the highest common divisor of 44 and 16676?
44
What is the greatest common divisor of 144 and 248?
8
What is the highest common divisor of 160 and 1060?
20
What is the highest common factor of 26 and 377?
13
Calculate the highest common factor of 93 and 123.
3
Calculate the greatest common factor of 8 and 242.
2
Calculate the highest common factor of 660 and 60.
60
What is the greatest common factor of 21184 and 993?
331
Calculate the greatest common divisor of 98 and 42.
14
What is the highest common divisor of 371 and 7?
7
Calculate the highest common factor of 153 and 144.
9
Calculate the highest common divisor of 127 and 127.
127
Calculate the highest common factor of 6690 and 30.
30
Calculate the greatest common factor of 264 and 2784.
24
What is the greatest common factor of 188 and 12?
4
Calculate the highest common factor of 261 and 27.
9
Calculate the highest common factor of 187 and 22.
11
Calculate the highest common divisor of 56 and 266.
14
What is the greatest common factor of 5456 and 352?
176
What is the greatest common factor of 318 and 424?
106
Calculate the highest common factor of 175 and 75.
25
What is the greatest common factor of 4428 and 2132?
164
Calculate the greatest common divisor of 70 and 22.
2
Calculate the greatest common divisor of 2961 and 1512.
63
What is the highest common factor of 290 and 30?
10
Calculate the greatest common divisor of 22 and 5379.
11
Calculate the highest common factor of 185 and 10.
5
What is the highest common factor of 7 and 301?
7
What is the greatest common divisor of 1138 and 8?
2
Calculate the highest common divisor of 298 and 46786.
298
Calculate the highest common divisor of 238 and 28.
14
Calculate the highest common factor of 14963 and 26.
13
What is the greatest common divisor of 8601 and 423?
141
Calculate the greatest common factor of 1719 and 54.
9
What is the greatest common factor of 130940 and 20?
20
Calculate the greatest common factor of 1820 and 56.
28
Calculate the greatest common factor of 28 and 44.
4
Calculate the highest common divisor of 16 and 832.
16
What is the greatest common divisor of 6 and 24702?
6
What is the highest common factor of 805 and 115?
115
Calculate the greatest common divisor of 4947 and 388.
97
Calculate the highest common divisor of 55 and 5995.
55
Calculate the highest common divisor of 94 and 94.
94
Calculate the greatest common factor of 714 and 30.
6
Calculate the greatest common divisor of 1127 and 28.
7
What is the highest common factor of 72 and 4392?
72
Calculate the highest common divisor of 3155 and 5.
5
Calculate the greatest common factor of 312 and 32.
8
Calculate the highest common factor of 196 and 18081.
49
What is the greatest common factor of 702 and 507?
39
What is the highest common factor of 114 and 38?
38
Calculate the highest common divisor of 34720 and 112.
112
Calculate the highest common factor of 82 and 246.
82
What is the highest common divisor of 208 and 468?
52
Calculate the highest common factor of 516 and 588.
12
Calculate the highest common factor of 16 and 144.
16
Calculate the highest common factor of 592 and 740.
148
What is the highest common divisor of 60 and 140?
20
What is the greatest common divisor of 4 and 26?
2
What is the greatest common factor of 957 and 348?
87
Calculate the highest common factor of 21651 and 